he units digit of 298747930?
0
What is the ten millions digit of 1033823614?
3
What is the tens digit of 25665692?
9
What is the tens digit of 323752000?
0
What is the hundred thousands digit of 947179337?
1
What is the millions digit of 105636249?
5
What is the ten millions digit of 3265403471?
6
What is the hundred millions digit of 968662812?
9
What is the millions digit of 41903095?
1
What is the thousands digit of 68176496?
6
What is the ten millions digit of 5874880608?
7
What is the hundred millions digit of 424517435?
4
What is the ten millions digit of 808882439?
0
What is the thousands digit of 1850314411?
4
What is the ten thousands digit of 126601127?
0
What is the thousands digit of 457623869?
3
What is the hundreds digit of 175939001?
0
What is the units digit of 523282?
2
What is the ten thousands digit of 1434635244?
3
What is the units digit of 5600111522?
2
What is the ten millions digit of 602216782?
0
What is the tens digit of 4135876908?
0
What is the hundred millions digit of 186506058?
1
What is the tens digit of 278018012?
1
What is the ten thousands digit of 2879623049?
2
What is the ten thousands digit of 288782899?
8
What is the thousands digit of 2742004553?
4
What is the units digit of 1436590693?
3
What is the thousands digit of 217557752?
7
What is the units digit of 239923809?
9
What is the hundreds digit of 15230047?
0
What is the thousands digit of 18683470?
3
What is the hundred millions digit of 1295320275?
2
What is the millions digit of 52608307?
2
What is the thousands digit of 5578148334?
8
What is the units digit of 861503563?
3
What is the tens digit of 1028915411?
1
What is the units digit of 550940796?
6
What is the thousands digit of 141077554?
7
What is the millions digit of 51789927?
1
What is the ten millions digit of 81191016?
8
What is the hundred thousands digit of 3708026198?
0
What is the hundreds digit of 124295201?
2
What is the millions digit of 2284638261?
4
What is the hundred thousands digit of 1093740896?
7
What is the ten millions digit of 41126132?
4
What is the thousands digit of 9369279833?
9
What is the millions digit of 1314918498?
4
What is the thousands digit of 628018289?
8
What is the ten thousands digit of 315909842?
0
What is the hundred thousands digit of 7810903?
8
What is the hundred thousands digit of 1746443225?
4
What is the millions digit of 1060912177?
0
What is the millions digit of 522309867?
2
What is the hundred thousands digit of 1133043791?
0
What is the hundred thousands digit of 266822183?
8
What is the hundred thousands digit of 96676152?
6
What is the ten thousands digit of 69000493?
0
What is the tens digit of 152729964?
6
What is the tens digit of 3592355210?
1
What is the ten thousands digit of 461935396?
3
What is the hundred thousands digit of 1784485153?
4
What is the tens digit of 2030288833?
3
What is the ten millions digit of 2623779753?
2
What is the ten millions digit of 2103410929?
0
What is the units digit of 52664300?
0
What is the billions digit of 8031097314?
8
What is the hundreds digit of 4284592991?
9
What is the ten thousands digit of 281391960?
9
What is the hundred thousands digit of 40235530?
2
What is the units digit of 44291167?
7
What is the ten millions digit of 5232393157?
3
What is the tens digit of 176719337?
3
What is the millions digit of 2592063158?
2
What is the thousands digit of 122440926?
0
What is the hundreds digit of 1707088890?
8
What is the ten thousands digit of 2089894763?
9
What is the hundreds digit of 56202546?
5
What is the millions digit of 101208301?
1
What is the billions digit of 4187586202?
4
What is the ten thousands digit of 1923894767?
9
What is the ten millions digit of 62155407?
6
What is the units digit of 3016453?
3
What is the thousands digit of 281238817?
8
What is the ten thousands digit of 2677699?
7
What is the millions digit of 45854450?
5
What is the ten millions digit of 761224638?
6
What is the hundred thousands digit of 33686851?
6
What is the millions digit of 72805401?
2
What is the tens digit of 1344925462?
6
What is the hundred thousands digit of 1671116270?
1
What is the hundred millions digit of 2894406297?
8
What is the millions digit of 163532062?
3
What is the thousands digit of 27159591?
9
What is the tens digit of 53079991?
9
What is the tens digit of 815727492?
9
What is the units digit of 639284220?
0
What is the ten millions digit of 84948062?
8
What is the thousands digit of 163451837?
1
What is the ten thousands digit of 558117744?
1
What is the billions digit of 1081511978?
1
What is the ten millions digit of 3034318622?
3
What is the hundred millions digit of 454190404?
4
What is the hundred thousands digit of 141029892?
0
What is the millions digit of 1188389785?
8
What is the thousands digit of 3426929456?
9
What is the hundreds digit of 1667882770?
7
What is the ten thousands digit of 107771053?
7
What is the units digit of 513438246?
6
What is the hundred millions digit of 110304342?
1
What is the tens digit of 31003337?
3
What is the hundred millions digit of 470320912?
4
What is the units digit of 3600003688?
8
What is the thousands digit of 733887160?
7
What is the ten thousands digit of 25028882?
2
What is the thousands digit of 798156736?
6
What is the units digit of 133704927?
7
What is the millions digit of 223367254?
3
What is the thousands digit of 103050959?
0
What is the tens digit of 278759620?
2
What is the units digit of 223603154?
4
What is the units digit of 54139638?
8
What is the ten millions digit of 92257568?
9
What is the thousands digit of 954334999?
4
What is the units digit of 266860349?
9
What is the hundred thousands digit of 79486870?
4
What is the millions digit of 13532168?
3
What is the thousands digit of 29147537?
7
What is the hundreds digit of 1089146876?
8
What is the thousands digit of 675225959?
5
What is the ten thousands digit of 58560242?
6
What is the millions digit of 2663901344?
3
What is the thousands digit of 530002789?
2
What is the hundred thousands digit of 56220355?
2
What is the ten millions digit of 1124303091?
2
What is the ten millions digit of 1419222175?
1
What is the thousands digit of 203371330?
1
What is the tens digit of 122999312?
1
What is the hundred thousands digit of 439560759?
5
What is the hundred millions digit of 5575505154?
5
What is the ten millions digit of 22070719?
2
What is the units digit of 47759214?
4
What is the thousands digit of 253728693?
8
What is the thousands digit of 125680987?
0
What is the thousands digit of 29940492?
0
What is the millions digit of 114358638?
4
What is the units digit of 48324832?
2
What is the thousands digit of 20943121?
3
What is the millions digit of 4106053378?
6
What is the thousands digit of 4879387?
9
What is the hundreds digit of 50157517?
5
What is the units digit of 189566902?
2
What is the thousands digit of 1676765643?
5
What is the millions digit of 946815823?
6
What is the tens digit of 13550087?
8
What is the ten millions digit of 84496083?
8
What is the tens digit of 325211196?
9
What is the millions digit of 208689631?
8
What is the millions digit of 202356638?
2
What is the hundred thousands digit of 64343278?
3
What is the tens digit of 1432507401?
0
What is the units digit of 1085607425?
5
What is the ten thousands digit of 188592183?
9
What is the hundred millions digit of 245005235?
2
What is the ten millions digit of 35837872?
3
What is the hundred thousands digit of 108031266?
0
What is the thousands digit of 91784315?
4
What is the millions digit of 97556493?
7
What is the hundreds digit of 530063000?
0
What is the thousands digit of 373884927?
4
What is the thousands digit of 152938101?
8
What is the ten millions digit of 155827089?
5
What is the hundreds digit of 4206634183?
1
What is the ten millions digit of 27514547?
2
What is the millions digit of 151744546?
1
What is the ten thousands digit of 1163935256?
3
What is the units digit of 8784441?
1
What is the tens digit of 1254401446?
4
What is the units digit of 559074955?
5
What is the units digit of 38650470?
0
What is the millions digit of 4990593721?
0
What is the hundred millions digit of 302169473?
3
What is the tens digit of 288469852?
5
What is the units digit of 198179